nd 734843.
41
What is the highest common factor of 35 and 4028276?
7
Calculate the highest common divisor of 153117 and 170451.
2889
What is the greatest common divisor of 103588 and 145?
29
What is the highest common factor of 2035760 and 20480?
80
What is the highest common factor of 36092419 and 22946?
1639
What is the highest common factor of 1917468 and 264306?
294
Calculate the highest common divisor of 16447648 and 42.
14
What is the greatest common divisor of 4974 and 135458600?
1658
Calculate the greatest common factor of 156470 and 8290.
10
What is the highest common factor of 987 and 5479401?
141
What is the greatest common divisor of 306 and 55808280?
306
Calculate the highest common factor of 99 and 1239326.
11
What is the greatest common factor of 42827 and 11761492?
113
What is the highest common factor of 309720 and 26912?
232
Calculate the highest common factor of 352 and 12284008.
88
Calculate the highest common divisor of 1633065 and 17922.
309
What is the greatest common factor of 29868 and 1343143?
131
Calculate the greatest common factor of 94950 and 4150.
50
What is the greatest common divisor of 13242438 and 3572?
94
Calculate the greatest common divisor of 379134 and 6549.
177
What is the greatest common divisor of 71736371 and 2919?
973
What is the greatest common divisor of 11280 and 34325280?
240
Calculate the greatest common divisor of 141380 and 2645.
5
What is the greatest common divisor of 4699605 and 40?
5
What is the greatest common factor of 1096125 and 3625?
125
Calculate the highest common divisor of 375653 and 7021.
59
Calculate the highest common factor of 736912 and 12008.
632
What is the greatest common divisor of 18419 and 689526?
113
What is the highest common factor of 279552 and 310912?
896
What is the highest common factor of 1108707831 and 66?
33
What is the highest common divisor of 198 and 465243?
3
Calculate the greatest common divisor of 2700876 and 244276.
692
What is the highest common divisor of 39 and 725556767?
13
What is the greatest common divisor of 756 and 240235740?
108
What is the highest common divisor of 4 and 438434476?
4
Calculate the greatest common divisor of 462 and 22645238.
154
Calculate the greatest common factor of 16 and 22580408.
8
What is the greatest common factor of 128765 and 1430065?
455
What is the greatest common divisor of 46 and 1631344?
46
What is the greatest common divisor of 26167666 and 98?
98
Calculate the highest common divisor of 31256244 and 36.
36
Calculate the greatest common factor of 51 and 441273386.
17
Calculate the greatest common divisor of 95546 and 663146.
946
Calculate the greatest common factor of 496 and 547408.
16
What is the highest common factor of 196784 and 139556?
1004
What is the greatest common factor of 56060 and 7460?
20
What is the highest common divisor of 2709 and 676557?
63
Calculate the greatest common divisor of 27835119 and 74022.
2847
What is the highest common factor of 45537 and 9065040?
1059
Calculate the greatest common factor of 666 and 11089714.
74
Calculate the highest common divisor of 26 and 1604906.
2
What is the highest common divisor of 224 and 25575136?
32
What is the highest common divisor of 2430 and 1116342?
486
Calculate the greatest common divisor of 13 and 7851675.
13
What is the highest common factor of 49713664 and 25480?
728
Calculate the highest common factor of 14655704 and 56.
56
Calculate the highest common factor of 1051856 and 100724.
676
Calculate the highest common divisor of 1004 and 15738453.
251
Calculate the highest common factor of 2680 and 148517560.
2680
What is the greatest common factor of 305748 and 91181?
19
Calculate the highest common divisor of 499 and 54447387.
499
What is the highest common divisor of 17457 and 4254218?
529
Calculate the greatest common divisor of 16486117 and 25487.
331
Calculate the highest common factor of 49542845 and 267410.
10285
What is the highest common divisor of 132675 and 1868325?
2175
Calculate the highest common factor of 38567495 and 235.
235
What is the highest common divisor of 2991974499 and 801?
801
What is the highest common divisor of 2964 and 3747484?
988
What is the greatest common divisor of 446476 and 1156?
4
Calculate the highest common divisor of 1038 and 762942.
6
Calculate the highest common divisor of 729 and 1888.
1
What is the greatest common factor of 52 and 1524263?
13
What is the greatest common factor of 277232370 and 90?
30
Calculate the greatest common factor of 129702548 and 712.
356
Calculate the greatest common factor of 5626738 and 32.
2
What is the greatest common divisor of 59 and 212113850?
59
What is the highest common factor of 72061 and 5401?
11
What is the highest common divisor of 860 and 22718620?
860
Calculate the highest common divisor of 533 and 1881867.
13
What is the greatest common factor of 68988 and 39792?
12
Calculate the highest common divisor of 6180 and 1319827065.
1545
What is the greatest common factor of 415 and 188796365?
415
What is the greatest common divisor of 2068652277 and 6549?
6549
Calculate the highest common factor of 4179276 and 972.
324
Calculate the highest common divisor of 360939 and 1587.
69
What is the greatest common factor of 81544 and 584?
8
What is the highest common factor of 2903543 and 851?
23
What is the highest common factor of 13896 and 183531420?
6948
What is the highest common factor of 2631 and 385052112?
2631
Calculate the greatest common factor of 5336 and 4298056.
184
What is the highest common divisor of 10 and 35901510?
10
What is the greatest common factor of 12985485 and 90?
15
What is the highest common divisor of 14986 and 180304?
118
Calculate the greatest common factor of 13253118 and 384.
6
What is the highest common divisor of 1228123 and 1183?
169
What is the highest common divisor of 105610 and 10915?
295
Calculate the greatest common divisor of 10076657 and 36130.
3613
Calculate the greatest common divisor of 296 and 746008.
8
Calculate the highest common factor of 89694 and 108.
54
Calculate the greatest common divisor of 57719041 and 668.
167
What is the highest common divisor of 167323 and 149084?
793
What is the greatest common divisor of 2846646 and 239181?
3921
Calculate the highest common divisor of 36 and 429809346.
18
Calculate the highest common factor of 32296954 and 382.
382
What is the highest common factor of 103864504 and 23?
23
Calculate the highest common factor of 93 and 45945937.
31
Calculate the highest common factor of 74751450 and 300.
150
Calculate the greatest common divisor of 3339157213 and 2051.
2051
Calculate the greatest common divisor of 879228701 and 1354.
677
Calculate the greatest common divisor of 801476 and 52.
52
What is the greatest common factor of 1862 and 92606?
38
Calculate the highest common factor of 18966820 and 562820.
2140
What is the highest common divisor of 12272 and 38232?
472
What is the highest common factor of 18541894 and 2058?
686
What is the greatest common factor of 214936 and 69211?
67
Calculate the highest common factor of 4744635 and 14235.
1095
What is the greatest common divisor of 15805 and 889549?
109
What is the greatest common factor of 305520758 and 202?
202
What is the greatest common factor of 21773358 and 4?
2
Calculate the highest common factor of 57 and 870177.
3
What is the highest common divisor of 20136599 and 343?
49
What is the greatest common factor of 396 and 2081340?
36
What is the greatest common divisor of 28 and 16756166?
14
Calculate the highest common divisor of 22218 and 2209242.
966
Calculate the highest common factor of 1140 and 53232900.
60
Calculate the highest common factor of 124500 and 334656.
996
Calculate the greatest common factor of 241319 and 44460.
247
Calculate the greatest common factor of 18788 and 60427332.
1708
What is the highest common divisor of 258435 and 91395?
45
Calculate the highest common divisor of 16380 and 3583944.
3276
What is the highest common factor of 93343969 and 61?
61
What is the greatest common divisor of 1175 and 18360926?
47
What is the highest common factor of 12389488 and 184?
8
What is the greatest common divisor of 381472 and 1841424?
208
Calculate the greatest common factor of 10452637 and 10387.
221
Calculate the 